
0
What is the thousands digit of 10364?
0
What is the units digit of 582?
2
What is the hundreds digit of 39198?
1
What is the thousands digit of 8769?
8
What is the units digit of 9216?
6
What is the units digit of 576?
6
What is the hundreds digit of 4532?
5
What is the tens digit of 1018?
1
What is the units digit of 31707?
7
What is the ten thousands digit of 15183?
1
What is the units digit of 3176?
6
What is the tens digit of 2603?
0
What is the thousands digit of 76081?
6
What is the hundreds digit of 949?
9
What is the hundreds digit of 495?
4
What is the thousands digit of 4544?
4
What is the units digit of 833?
3
What is the tens digit of 2294?
9
What is the hundreds digit of 265?
2
What is the ten thousands digit of 33436?
3
What is the units digit of 759?
9
What is the tens digit of 1440?
4
What is the hundreds digit of 6434?
4
What is the units digit of 988?
8
What is the tens digit of 278?
7
What is the hundreds digit of 10529?
5
What is the units digit of 2317?
7
What is the units digit of 9831?
1
What is the hundreds digit of 215?
2
What is the tens digit of 5242?
4
What is the thousands digit of 2625?
2
What is the units digit of 448?
8
What is the units digit of 659?
9
What is the units digit of 19721?
1
What is the thousands digit of 2590?
2
What is the ten thousands digit of 17734?
1
What is the tens digit of 10220?
2
What is the thousands digit of 23879?
3
What is the hundreds digit of 1256?
2
What is the thousands digit of 44344?
4
What is the units digit of 985?
5
What is the units digit of 64278?
8
What is the tens digit of 17514?
1
What is the units digit of 43513?
3
What is the hundreds digit of 553?
5
What is the hundred thousands digit of 144728?
1
What is the ten thousands digit of 48901?
4
What is the units digit of 28013?
3
What is the units digit of 457?
7
What is the units digit of 362?
2
What is the tens digit of 332?
3
What is the tens digit of 21809?
0
What is the hundreds digit of 53801?
8
What is the tens digit of 6704?
0
What is the units digit of 78955?
5
What is the thousands digit of 1767?
1
What is the units digit of 140992?
2
What is the tens digit of 48656?
5
What is the hundreds digit of 1102?
1
What is the tens digit of 12448?
4
What is the thousands digit of 23577?
3
What is the ten thousands digit of 62956?
6
What is the units digit of 605?
5
What is the thousands digit of 1950?
1
What is the units digit of 572?
2
What is the thousands digit of 2165?
2
What is the tens digit of 42630?
3
What is the tens digit of 27393?
9
What is the thousands digit of 8257?
8
What is the ten thousands digit of 29942?
2
What is the tens digit of 3902?
0
What is the units digit of 4116?
6
What is the thousands digit of 5485?
5
What is the tens digit of 6945?
4
What is the thousands digit of 5304?
5
What is the ten thousands digit of 22767?
2
What is the thousands digit of 11881?
1
What is the units digit of 10790?
0
What is the tens digit of 2007?
0
What is the hundreds digit of 892?
8
What is the hundreds digit of 1832?
8
What is the tens digit of 11646?
4
What is the hundreds digit of 109?
1
What is the hundreds digit of 1407?
4
What is the tens digit of 3115?
1
What is the tens digit of 2776?
7
What is the units digit of 8378?
8
What is the ten thousands digit of 46712?
4
What is the hundreds digit of 3113?
1
What is the units digit of 29706?
6
What is the hundreds digit of 1716?
7
What is the units digit of 3785?
5
What is the thousands digit of 6449?
6
What is the thousands digit of 13168?
3
What is the ten thousands digit of 35584?
3
What is the ten thousands digit of 49389?
4
What is the ten thousands digit of 25020?
2
What is the hundreds digit of 547?
5
What is the hundreds digit of 2012?
0
What is the thousands digit of 2226?
2
What is the tens digit of 28732?
3
What is the tens digit of 13265?
6
What is the units digit of 589?
9
What is the tens digit of 1433?
3
What is the tens digit of 6052?
5
What is the units digit of 33616?
6
What is the thousands digit of 18350?
8
What is the hundreds digit of 5866?
8
What is the thousands digit of 7105?
7
What is the tens digit of 90195?
9
What is the units digit of 44956?
6
What is the thousands digit of 84852?
4
What is the tens digit of 4194?
9
What is the units digit of 459?
9
What is the tens digit of 3341?
4
What is the thousands digit of 3196?
3
What is the units digit of 730?
0
What is the units digit of 41251?
1
What is the units digit of 708?
8
What is the hundreds digit of 31705?
7
What is the tens digit of 4717?
1
What is the units digit of 7353?
3
What is the tens digit of 3119?
1
What is the hundreds digit of 4456?
4
What is the tens digit of 3230?
3
What is the units digit of 14892?
2
What is the tens digit of 127?
2
What is the ten thousands digit of 25546?
2
What is the units digit of 5467?
7
What is the tens digit of 99?
9
What is the tens digit of 26734?
3
What is the hundreds digit of 1835?
8
What is the tens digit of 369?
6
What is the ten thousands digit of 27029?
2
What is the hundreds digit of 644?
6
What is the units digit of 179?
9
What is the thousands digit of 4187?
4
What is the tens digit of 1614?
1
What is the tens digit of 14171?
7
What is the hundreds digit of 1138?
1
What is the tens digit of 29973?
7
What is the tens digit of 381?
8
What is the units digit of 22104?
4
What is the ten thousands digit of 16503?
1
What is the hundreds digit of 1379?
3
What is the units digit of 11553?
3
What is the thousands digit of 70893?
0
What is the tens digit of 18739?
3
What is the units digit of 1527?
7
What is the hundreds digit of 13802?
8
What is the hundreds digit of 81340?
3
What is the thousands digit of 2728?
2
What is the thousands digit of 7535?
7
What is the units digit of 18020?
0
What is the hundreds digit of 10166?
1
What is the thousands digit of 22397?
2
What is the units digit of 125?
5
What is the hundreds digit of 760?
7
What is the units digit of 21949?
9
What is the hundreds digit of 1304?
3
What is the tens digit of 4582?
8
What is the units digit of 770?
0
What is the ten thousands digit of 121647?
2
What is the thousands digit of 1546?
1
What is the units digit of 148152?
2
What is the hundreds digit of 101237?
2
What is the ten thousands digit of 40750?
4
What is the tens digit of 1934?
3
What is the hundreds digit of 585?
5
What is the units digit of 6553?
3
What is the thousands digit of 28990?
8
What is the units digit of 87010?
0
What is the hundreds digit of 313?
3
What is the tens digit of 9907?
0
What is the hundreds digit of 3411?
4
What is the hundreds digit of 78667?
6
What is the units digit of 3294?
4
What is the tens digit of 4232?
3
What is the tens digit of 21118?
1
What is the thousands digit of 16877?
6
What is the thousands digit of 1209?
1
What is the hundreds digit of 1705?
7
What is the hundreds digit of 2617?
6
What is the tens digit of 4970?
7
What is the ten thousands digit of 17534?
1
What is the hundreds digit of 213?
2
What is the tens digit of 595?
9
What is the hundreds digit of 3016?
0
What is the units digit of 761?
1
What is the tens digit of 11763?
6
What is the units digit of 63?
3
What is the hundreds digit of 121974?
9
What is the thousands digit of 1980?
1
What is the thousands digit of 128151?
8
What is the units digit of 9242?
2
What is the hundreds digit of 3836?
8
What is the units digit of 501?
1
What is the thousands digit of 13369?
3
What is the units digit of 627?
7
What is the thousands digit of 38003?
8
What is the tens digit of 35189?
8
What is the thousands digit of 22766?
2
What is the ten thousands digit of 18002?
1
What is the hundreds digit of 30113?
1
What is the hundreds digit of 3698?
6
What is the thousands digit of 74010?
4
What is the units digit of 330?
0
What is the units digit of 7088?
8
What is the units digit of 103?
3
What is the units digit of 718?
8
What is the ten thousands digit of 34768?
3
What is the tens digit of 6532?
3
What is the tens digit of 233?
3
What is the tens digit of 910?
1
What is the tens digit of 28476?
7
What is the units digit of 1308?
8
What is the units digit of 1?
1
What is the ten thousands digit of 35987?
3
What is the units digit of 16909?
9
What is the tens digit of 132?
3
What is the ten thousands digit of 14586?
1
